{"id":34,"date":"2015-03-18T01:13:40","date_gmt":"2015-03-18T00:13:40","guid":{"rendered":"http:\/\/djg-osnabrueck.de\/wp\/?page_id=34"},"modified":"2024-08-01T11:02:17","modified_gmt":"2024-08-01T09:02:17","slug":"willkommen","status":"publish","type":"page","link":"https:\/\/djg-osnabrueck.de\/","title":{"rendered":"Willkommen"},"content":{"rendered":"<section id=\"builder-section-1426637711731\" class=\"builder-section-first builder-section builder-section-text builder-section-last builder-text-columns-1\" style=\"background-repeat: repeat;background-position: center center;\">\n<div class=\"builder-section-content\">\n<div class=\"builder-text-row\">\n<div class=\"builder-text-column builder-text-column-1\" id=\"builder-section-1426637711731-column-1\">\n<div class=\"builder-text-content\">\n<p><img loading=\"lazy\" decoding=\"async\" class=\"alignnone size-full wp-image-5\" src=\"https:\/\/djg-osnabrueck.de\/wp\/wp-content\/uploads\/2015\/03\/fruits.jpg\" width=\"1050\" height=\"180\" srcset=\"https:\/\/djg-osnabrueck.de\/wp\/wp-content\/uploads\/2015\/03\/fruits.jpg 1050w, https:\/\/djg-osnabrueck.de\/wp\/wp-content\/uploads\/2015\/03\/fruits-300x51.jpg 300w, https:\/\/djg-osnabrueck.de\/wp\/wp-content\/uploads\/2015\/03\/fruits-1024x176.jpg 1024w\" sizes=\"auto, (max-width: 1050px) 100vw, 1050px\" \/><\/p>\n<h1>Willkommen! \u3088\u3046\u3053\u305d\uff01<\/h1>\n<p>Die Deutsch-Japanische Gesellschaft Osnabr\u00fcck e.V. wurde 1988 als gemeinn\u00fctziger eingetragener Verein gegr\u00fcndet. Ihr Ziel ist es, vor allem durch kulturelle, wirtschaftliche und wissenschaftliche Zusammenarbeit, zur V\u00f6lkerverst\u00e4ndigung zwischen Deutschland und Japan beizutragen.<\/p>\n<p>Sie ist Mitglied im Verband der Deutsch-Japanischen Gesellschaften und arbeitet vor Ort mit anderen Gesellschaften sowie insbesondere der Stadt Osnabr\u00fcck, der ECOS Japan Consult und der Forschungsstelle Japan der Universit\u00e4t Osnabr\u00fcck zusammen.<\/p>\n<\/p><\/div>\n<\/p><\/div>\n<\/p><\/div>\n<div class=\"builder-text-row\">\n<div class=\"builder-text-column builder-text-column-2\" id=\"builder-section-1426637711731-column-1\">\n<div class=\"builder-text-content\">\n<p><strong>\u00a0<\/strong><\/p>\n<figure id=\"attachment_853\" class=\"wp-caption alignright\" aria-describedby=\"caption-attachment-853\"><a href=\"https:\/\/djg-osnabrueck.de\/wp\/wp-content\/uploads\/2022\/06\/ChureitoPagoda-Fujiyoshida-scaled.jpg\"><img loading=\"lazy\" decoding=\"async\" class=\"wp-image-853 size-medium\" src=\"https:\/\/djg-osnabrueck.de\/wp\/wp-content\/uploads\/2022\/06\/ChureitoPagoda-Fujiyoshida-300x225.jpg\" sizes=\"auto, (max-width: 300px) 100vw, 300px\" srcset=\"https:\/\/djg-osnabrueck.de\/wp\/wp-content\/uploads\/2022\/06\/ChureitoPagoda-Fujiyoshida-300x225.jpg 300w, https:\/\/djg-osnabrueck.de\/wp\/wp-content\/uploads\/2022\/06\/ChureitoPagoda-Fujiyoshida-1024x768.jpg 1024w, https:\/\/djg-osnabrueck.de\/wp\/wp-content\/uploads\/2022\/06\/ChureitoPagoda-Fujiyoshida-768x576.jpg 768w, https:\/\/djg-osnabrueck.de\/wp\/wp-content\/uploads\/2022\/06\/ChureitoPagoda-Fujiyoshida-1536x1152.jpg 1536w, https:\/\/djg-osnabrueck.de\/wp\/wp-content\/uploads\/2022\/06\/ChureitoPagoda-Fujiyoshida-2048x1536.jpg 2048w\" alt=\"\" width=\"300\" height=\"225\" \/><\/a><figcaption id=\"caption-attachment-853\" class=\"wp-caption-text\">\u00a9S. J\u00e4ger<\/figcaption><\/figure>\n<p>\u00a0<\/p>\n<\/p><\/div>\n<\/p><\/div>\n<\/p><\/div>\n<\/p><\/div>\n<\/section>\n","protected":false},"excerpt":{"rendered":"<p>Willkommen! \u3088\u3046\u3053\u305d\uff01 Die Deutsch-Japanische Gesellschaft Osnabr\u00fcck e.V. wurde 1988 als gemeinn\u00fctziger eingetragener Verein gegr\u00fcndet. Ihr Ziel ist es, vor allem durch kulturelle, wirtschaftliche und wissenschaftliche Zusammenarbeit, zur V\u00f6lkerverst\u00e4ndigung zwischen Deutschland &hellip;<\/p>\n","protected":false},"author":1,"featured_media":0,"parent":0,"menu_order":0,"comment_status":"closed","ping_status":"closed","template":"template-builder.php","meta":{"footnotes":""},"class_list":["post-34","page","type-page","status-publish","hentry"],"_links":{"self":[{"href":"https:\/\/djg-osnabrueck.de\/index.php?rest_route=\/wp\/v2\/pages\/34","targetHints":{"allow":["GET"]}}],"collection":[{"href":"https:\/\/djg-osnabrueck.de\/index.php?rest_route=\/wp\/v2\/pages"}],"about":[{"href":"https:\/\/djg-osnabrueck.de\/index.php?rest_route=\/wp\/v2\/types\/page"}],"author":[{"embeddable":true,"href":"https:\/\/djg-osnabrueck.de\/index.php?rest_route=\/wp\/v2\/users\/1"}],"replies":[{"embeddable":true,"href":"https:\/\/djg-osnabrueck.de\/index.php?rest_route=%2Fwp%2Fv2%2Fcomments&post=34"}],"version-history":[{"count":49,"href":"https:\/\/djg-osnabrueck.de\/index.php?rest_route=\/wp\/v2\/pages\/34\/revisions"}],"predecessor-version":[{"id":1073,"href":"https:\/\/djg-osnabrueck.de\/index.php?rest_route=\/wp\/v2\/pages\/34\/revisions\/1073"}],"wp:attachment":[{"href":"https:\/\/djg-osnabrueck.de\/index.php?rest_route=%2Fwp%2Fv2%2Fmedia&parent=34"}],"curies":[{"name":"wp","href":"https:\/\/api.w.org\/{rel}","templated":true}]}}