{"id":1079,"date":"2024-08-07T15:02:47","date_gmt":"2024-08-07T13:02:47","guid":{"rendered":"https:\/\/djg-osnabrueck.de\/?post_type=tribe_events&#038;p=1079"},"modified":"2024-08-07T15:02:47","modified_gmt":"2024-08-07T13:02:47","slug":"zazenkai-3","status":"publish","type":"tribe_events","link":"https:\/\/djg-osnabrueck.de\/?tribe_events=zazenkai-3","title":{"rendered":"Zazenkai"},"content":{"rendered":"<p>Einf\u00fchrung und Vertiefung in die Praxis der Zen-Meditation.<\/p>\n<p>Wir planen wieder gemeinsam mit der Zen-Lehrerin Marlies M\u00fcting, einen Zazenkai in Osnabr\u00fcck durchzuf\u00fchren.<\/p>\n<p>Der Ablauf des Zazenkai\u2019s wird dabei wieder wie folgt sein:<\/p>\n<ul>\n<li>Gemeinsame Meditation, Dauer: 25 min.<\/li>\n<li>Teisho der Zen-Lehrerin<\/li>\n<li>Gemeinsame Meditation mit Dokusan (pers\u00f6nliches Gespr\u00e4ch mit der Zen-Lehrerin)<\/li>\n<\/ul>\n","protected":false},"excerpt":{"rendered":"<p>Einf\u00fchrung und Vertiefung in die Praxis der Zen-Meditation. Wir planen wieder gemeinsam mit der Zen-Lehrerin Marlies M\u00fcting, einen Zazenkai in Osnabr\u00fcck durchzuf\u00fchren. Der Ablauf des Zazenkai\u2019s wird dabei wieder wie &hellip;<\/p>\n","protected":false},"author":4,"featured_media":0,"template":"","meta":{"_tribe_events_status":"","_tribe_events_status_reason":"","footnotes":""},"tags":[],"tribe_events_cat":[],"class_list":["post-1079","tribe_events","type-tribe_events","status-publish","hentry"],"_links":{"self":[{"href":"https:\/\/djg-osnabrueck.de\/index.php?rest_route=\/wp\/v2\/tribe_events\/1079","targetHints":{"allow":["GET"]}}],"collection":[{"href":"https:\/\/djg-osnabrueck.de\/index.php?rest_route=\/wp\/v2\/tribe_events"}],"about":[{"href":"https:\/\/djg-osnabrueck.de\/index.php?rest_route=\/wp\/v2\/types\/tribe_events"}],"author":[{"embeddable":true,"href":"https:\/\/djg-osnabrueck.de\/index.php?rest_route=\/wp\/v2\/users\/4"}],"version-history":[{"count":1,"href":"https:\/\/djg-osnabrueck.de\/index.php?rest_route=\/wp\/v2\/tribe_events\/1079\/revisions"}],"predecessor-version":[{"id":1080,"href":"https:\/\/djg-osnabrueck.de\/index.php?rest_route=\/wp\/v2\/tribe_events\/1079\/revisions\/1080"}],"wp:attachment":[{"href":"https:\/\/djg-osnabrueck.de\/index.php?rest_route=%2Fwp%2Fv2%2Fmedia&parent=1079"}],"wp:term":[{"taxonomy":"post_tag","embeddable":true,"href":"https:\/\/djg-osnabrueck.de\/index.php?rest_route=%2Fwp%2Fv2%2Ftags&post=1079"},{"taxonomy":"tribe_events_cat","embeddable":true,"href":"https:\/\/djg-osnabrueck.de\/index.php?rest_route=%2Fwp%2Fv2%2Ftribe_events_cat&post=1079"}],"curies":[{"name":"wp","href":"https:\/\/api.w.org\/{rel}","templated":true}]}}

<p>Einführung und Vertiefung in die Praxis der Zen-Meditation.</p>
<p>Wir planen wieder gemeinsam mit der Zen-Lehrerin Marlies Müting, einen Zazenkai in Osnabrück durchzuführen.</p>
<p>Der Ablauf des Zazenkai’s wird dabei wieder wie folgt sein:</p>
<ul>
<li>Gemeinsame Meditation, Dauer: 25 min.</li>
<li>Teisho der Zen-Lehrerin</li>
<li>Gemeinsame Meditation mit Dokusan (persönliches Gespräch mit der Zen-Lehrerin)</li>
</ul>

<p>Einführung und Vertiefung in die Praxis der Zen-Meditation. Wir planen wieder gemeinsam mit der Zen-Lehrerin Marlies Müting, einen Zazenkai in Osnabrück durchzuführen. Der Ablauf des Zazenkai’s wird dabei wieder wie &hellip;</p>
