{"id":1236,"date":"2025-02-06T13:04:20","date_gmt":"2025-02-06T12:04:20","guid":{"rendered":"https:\/\/djg-osnabrueck.de\/?post_type=tribe_events&#038;p=1236"},"modified":"2025-03-19T16:20:47","modified_gmt":"2025-03-19T15:20:47","slug":"besuch-des-japanischen-gartens-in-muehlen","status":"publish","type":"tribe_events","link":"https:\/\/djg-osnabrueck.de\/?tribe_events=besuch-des-japanischen-gartens-in-muehlen","title":{"rendered":"Besuch des japanischen Gartens in M\u00fchlen"},"content":{"rendered":"<p><strong>Einladung zum Besuch des Japanischen Gartens in M\u00fchlen<\/strong><\/p>\n<p>Liebe Mitglieder und Freunde der Deutsch-Japanischen Gesellschaft Osnabr\u00fcck!<\/p>\n<p>Wir laden alle Gartenfreunde herzlich ein zu einem inspirierenden Besuch im Japanischen Garten in M\u00fchlen! Es erwartet Sie eine faszinierende Welt der japanischen Gartenkunst in harmonischer Atmosph\u00e4re zwischen kunstvoll gestalteten Pflanzen, sanften Wasserl\u00e4ufen und traditionellen Elementen.<\/p>\n<p><strong>Samstag, 26. April 2025<\/strong><\/p>\n<p>Ort: Japanischer Garten, Am Klostergarten 8, 49439 Steinfeld<br \/>\n(<a href=\"https:\/\/www.japan-gardens.de\/\">https:\/\/www.japan-gardens.de\/<\/a>)<\/p>\n<p>Beginn ist um 13:45 Uhr bei Kaffee + Kuchen. Anschlie\u00dfend wird uns Herr Meyer durch seinen Garten f\u00fchren.<\/p>\n<p>Die Kosten betragen 15 \u20ac pro Person und sind auf das Konto der DJG Osnabr\u00fcck zu \u00fcberweisen (IBAN: DE69 2655 0105 0000 5401 12, BIC: NOLADE22XXX, Sparkasse\u00a0Osnabr\u00fcck).<\/p>\n<p>Freuen Sie sich auf einen Spaziergang, entspannte Momente inmitten der Natur, in der sich die Ruhe und Sch\u00f6nheit dieses besonderen Ortes genie\u00dfen l\u00e4sst!<\/p>\n<p>Wir fahren mit dem Zug vom Osnabr\u00fccker Hauptbahnhof nach M\u00fchlen. Der Garten ist nur ca. 500 m vom Bahnhof in M\u00fchlen entfernt. Die <strong>Abfahrt<\/strong> der Nordwestbahn <strong>vom Hauptbahnhof ist um 12:24 Uhr ab Gleis 14<\/strong>, die Ankunft in M\u00fchlen um 13:15 Uhr.<\/p>\n<p>Bitte geben Sie uns bis zum 31. M\u00e4rz 2025 (per E-Mail oder telefonisch) Bescheid, ob Sie dabei sein werden.<\/p>\n","protected":false},"excerpt":{"rendered":"<p>Einladung zum Besuch des Japanischen Gartens in M\u00fchlen Liebe Mitglieder und Freunde der Deutsch-Japanischen Gesellschaft Osnabr\u00fcck! Wir laden alle Gartenfreunde herzlich ein zu einem inspirierenden Besuch im Japanischen Garten in &hellip;<\/p>\n","protected":false},"author":4,"featured_media":0,"template":"","meta":{"_tribe_events_status":"","_tribe_events_status_reason":"","footnotes":""},"tags":[],"tribe_events_cat":[],"class_list":["post-1236","tribe_events","type-tribe_events","status-publish","hentry"],"_links":{"self":[{"href":"https:\/\/djg-osnabrueck.de\/index.php?rest_route=\/wp\/v2\/tribe_events\/1236","targetHints":{"allow":["GET"]}}],"collection":[{"href":"https:\/\/djg-osnabrueck.de\/index.php?rest_route=\/wp\/v2\/tribe_events"}],"about":[{"href":"https:\/\/djg-osnabrueck.de\/index.php?rest_route=\/wp\/v2\/types\/tribe_events"}],"author":[{"embeddable":true,"href":"https:\/\/djg-osnabrueck.de\/index.php?rest_route=\/wp\/v2\/users\/4"}],"version-history":[{"count":8,"href":"https:\/\/djg-osnabrueck.de\/index.php?rest_route=\/wp\/v2\/tribe_events\/1236\/revisions"}],"predecessor-version":[{"id":1259,"href":"https:\/\/djg-osnabrueck.de\/index.php?rest_route=\/wp\/v2\/tribe_events\/1236\/revisions\/1259"}],"wp:attachment":[{"href":"https:\/\/djg-osnabrueck.de\/index.php?rest_route=%2Fwp%2Fv2%2Fmedia&parent=1236"}],"wp:term":[{"taxonomy":"post_tag","embeddable":true,"href":"https:\/\/djg-osnabrueck.de\/index.php?rest_route=%2Fwp%2Fv2%2Ftags&post=1236"},{"taxonomy":"tribe_events_cat","embeddable":true,"href":"https:\/\/djg-osnabrueck.de\/index.php?rest_route=%2Fwp%2Fv2%2Ftribe_events_cat&post=1236"}],"curies":[{"name":"wp","href":"https:\/\/api.w.org\/{rel}","templated":true}]}}

Besuch des japanischen Gartens in Mühlen

<p><strong>Einladung zum Besuch des Japanischen Gartens in Mühlen</strong></p>
<p>Liebe Mitglieder und Freunde der Deutsch-Japanischen Gesellschaft Osnabrück!</p>
<p>Wir laden alle Gartenfreunde herzlich ein zu einem inspirierenden Besuch im Japanischen Garten in Mühlen! Es erwartet Sie eine faszinierende Welt der japanischen Gartenkunst in harmonischer Atmosphäre zwischen kunstvoll gestalteten Pflanzen, sanften Wasserläufen und traditionellen Elementen.</p>
<p><strong>Samstag, 26. April 2025</strong></p>
<p>Ort: Japanischer Garten, Am Klostergarten 8, 49439 Steinfeld<br />
(<a href="https://www.japan-gardens.de/">https://www.japan-gardens.de/</a>)</p>
<p>Beginn ist um 13:45 Uhr bei Kaffee + Kuchen. Anschließend wird uns Herr Meyer durch seinen Garten führen.</p>
<p>Die Kosten betragen 15 € pro Person und sind auf das Konto der DJG Osnabrück zu überweisen (IBAN: DE69 2655 0105 0000 5401 12, BIC: NOLADE22XXX, Sparkasse Osnabrück).</p>
<p>Freuen Sie sich auf einen Spaziergang, entspannte Momente inmitten der Natur, in der sich die Ruhe und Schönheit dieses besonderen Ortes genießen lässt!</p>
<p>Wir fahren mit dem Zug vom Osnabrücker Hauptbahnhof nach Mühlen. Der Garten ist nur ca. 500 m vom Bahnhof in Mühlen entfernt. Die <strong>Abfahrt</strong> der Nordwestbahn <strong>vom Hauptbahnhof ist um 12:24 Uhr ab Gleis 14</strong>, die Ankunft in Mühlen um 13:15 Uhr.</p>
<p>Bitte geben Sie uns bis zum 31. März 2025 (per E-Mail oder telefonisch) Bescheid, ob Sie dabei sein werden.</p>

<p>Einladung zum Besuch des Japanischen Gartens in Mühlen Liebe Mitglieder und Freunde der Deutsch-Japanischen Gesellschaft Osnabrück! Wir laden alle Gartenfreunde herzlich ein zu einem inspirierenden Besuch im Japanischen Garten in &hellip;</p>
