{"id":1260,"date":"2025-03-19T16:29:05","date_gmt":"2025-03-19T15:29:05","guid":{"rendered":"https:\/\/djg-osnabrueck.de\/?post_type=tribe_events&#038;p=1260"},"modified":"2025-03-19T16:29:05","modified_gmt":"2025-03-19T15:29:05","slug":"hinweis-ausstellung-und-workshops-im-tuchmacher-museum-bramsche","status":"publish","type":"tribe_events","link":"https:\/\/djg-osnabrueck.de\/?tribe_events=hinweis-ausstellung-und-workshops-im-tuchmacher-museum-bramsche","title":{"rendered":"Hinweis: Ausstellung und Workshops im Tuchmacher Museum Bramsche"},"content":{"rendered":"<p>Liebe Mitglieder und Freunde der Deutsch-Japanischen Gesellschaft Osnabr\u00fcck!<\/p>\n<p>Wir m\u00f6chten Sie gerne auf eine Ausstellung im Tuchmacher-Museum in Bramsche hinweisen.<\/p>\n<p>Die von Japan faszinierte K\u00fcnstlerin Clotilde Lafont-K\u00f6nig, die in Paris geboren ist und als freischaffende in Bonn lebt und arbeitet, wird dort ihre von Japan inspirierten Textilarbeiten, Fotos und Bilder zeigen.<\/p>\n<p>Die <strong>Er\u00f6ffnung<\/strong> der Ausstellung ist am <strong>Freitag, 28. M\u00e4rz um 19:00 Uhr<\/strong> im Tuchmacher-Museum in Bramsche.<\/p>\n<p><a href=\"https:\/\/djg-osnabrueck.de\/wp\/wp-content\/uploads\/2025\/03\/Einladung_Konnichiwa.pdf\" target=\"_blank\" rel=\"noopener\">Die Ausstellung<\/a> ist vom 29. M\u00e4rz bis 15. Juni zu sehen.<\/p>\n<p>N\u00e4here Informationen finden Sie auf folgender Website: <a href=\"https:\/\/www.bramsche.de\/regional\/veranstaltungen\/detail-900004239-31290.html\">https:\/\/www.bramsche.de\/regional\/veranstaltungen\/detail-900004239-31290.html<\/a><\/p>\n","protected":false},"excerpt":{"rendered":"<p>Liebe Mitglieder und Freunde der Deutsch-Japanischen Gesellschaft Osnabr\u00fcck! Wir m\u00f6chten Sie gerne auf eine Ausstellung im Tuchmacher-Museum in Bramsche hinweisen. Die von Japan faszinierte K\u00fcnstlerin Clotilde Lafont-K\u00f6nig, die in Paris &hellip;<\/p>\n","protected":false},"author":4,"featured_media":0,"template":"","meta":{"_tribe_events_status":"","_tribe_events_status_reason":"","footnotes":""},"tags":[],"tribe_events_cat":[],"class_list":["post-1260","tribe_events","type-tribe_events","status-publish","hentry"],"_links":{"self":[{"href":"https:\/\/djg-osnabrueck.de\/index.php?rest_route=\/wp\/v2\/tribe_events\/1260","targetHints":{"allow":["GET"]}}],"collection":[{"href":"https:\/\/djg-osnabrueck.de\/index.php?rest_route=\/wp\/v2\/tribe_events"}],"about":[{"href":"https:\/\/djg-osnabrueck.de\/index.php?rest_route=\/wp\/v2\/types\/tribe_events"}],"author":[{"embeddable":true,"href":"https:\/\/djg-osnabrueck.de\/index.php?rest_route=\/wp\/v2\/users\/4"}],"version-history":[{"count":1,"href":"https:\/\/djg-osnabrueck.de\/index.php?rest_route=\/wp\/v2\/tribe_events\/1260\/revisions"}],"predecessor-version":[{"id":1262,"href":"https:\/\/djg-osnabrueck.de\/index.php?rest_route=\/wp\/v2\/tribe_events\/1260\/revisions\/1262"}],"wp:attachment":[{"href":"https:\/\/djg-osnabrueck.de\/index.php?rest_route=%2Fwp%2Fv2%2Fmedia&parent=1260"}],"wp:term":[{"taxonomy":"post_tag","embeddable":true,"href":"https:\/\/djg-osnabrueck.de\/index.php?rest_route=%2Fwp%2Fv2%2Ftags&post=1260"},{"taxonomy":"tribe_events_cat","embeddable":true,"href":"https:\/\/djg-osnabrueck.de\/index.php?rest_route=%2Fwp%2Fv2%2Ftribe_events_cat&post=1260"}],"curies":[{"name":"wp","href":"https:\/\/api.w.org\/{rel}","templated":true}]}}

<p>Liebe Mitglieder und Freunde der Deutsch-Japanischen Gesellschaft Osnabrück!</p>
<p>Wir möchten Sie gerne auf eine Ausstellung im Tuchmacher-Museum in Bramsche hinweisen.</p>
<p>Die von Japan faszinierte Künstlerin Clotilde Lafont-König, die in Paris geboren ist und als freischaffende in Bonn lebt und arbeitet, wird dort ihre von Japan inspirierten Textilarbeiten, Fotos und Bilder zeigen.</p>
<p>Die <strong>Eröffnung</strong> der Ausstellung ist am <strong>Freitag, 28. März um 19:00 Uhr</strong> im Tuchmacher-Museum in Bramsche.</p>
<p><a href="https://djg-osnabrueck.de/wp/wp-content/uploads/2025/03/Einladung_Konnichiwa.pdf" target="_blank" rel="noopener">Die Ausstellung</a> ist vom 29. März bis 15. Juni zu sehen.</p>
<p>Nähere Informationen finden Sie auf folgender Website: <a href="https://www.bramsche.de/regional/veranstaltungen/detail-900004239-31290.html">https://www.bramsche.de/regional/veranstaltungen/detail-900004239-31290.html</a></p>

<p>Liebe Mitglieder und Freunde der Deutsch-Japanischen Gesellschaft Osnabrück! Wir möchten Sie gerne auf eine Ausstellung im Tuchmacher-Museum in Bramsche hinweisen. Die von Japan faszinierte Künstlerin Clotilde Lafont-König, die in Paris &hellip;</p>
