{"id":692,"date":"2020-01-31T10:09:06","date_gmt":"2020-01-31T09:09:06","guid":{"rendered":"http:\/\/djg-osnabrueck.de\/?post_type=tribe_events&#038;p=692"},"modified":"2020-03-25T11:22:28","modified_gmt":"2020-03-25T10:22:28","slug":"japanischer-filmabend","status":"publish","type":"tribe_events","link":"https:\/\/djg-osnabrueck.de\/?tribe_events=japanischer-filmabend","title":{"rendered":"Abgesagt: Japanischer Filmabend"},"content":{"rendered":"<p><strong>Liebe Mitglieder und Freunde der Deutsch-Japanischen Gesellschaft Osnabr\u00fcck!<\/strong><\/p>\n<p><strong>Aufgrund des sich auch in unserer Region ausbreitenden Coronavirus und des damit verbundenen Verbots jeglicher Veranstaltungen\/Versammlungen m\u00fcssen wir den f\u00fcr Mittwoch, 25. M\u00e4rz 2020 geplanten Japanischen Filmabend absagen.<\/strong><\/p>\n<p><strong>Wir werden ihn zu gegebener Zeit nachholen.<\/strong><\/p>\n<p>&nbsp;<\/p>\n<p>Film &#8222;Das M\u00e4dchen aus der Zukunft&#8220; f\u00fcr Mitglieder und Freunde.<\/p>\n<p>Eine vorherige Anmeldung ist erforderlich.<\/p>\n","protected":false},"excerpt":{"rendered":"<p>Liebe Mitglieder und Freunde der Deutsch-Japanischen Gesellschaft Osnabr\u00fcck! Aufgrund des sich auch in unserer Region ausbreitenden Coronavirus und des damit verbundenen Verbots jeglicher Veranstaltungen\/Versammlungen m\u00fcssen wir den f\u00fcr Mittwoch, 25. &hellip;<\/p>\n","protected":false},"author":4,"featured_media":0,"template":"","meta":{"_tribe_events_status":"","_tribe_events_status_reason":"","footnotes":""},"tags":[],"tribe_events_cat":[],"class_list":["post-692","tribe_events","type-tribe_events","status-publish","hentry"],"_links":{"self":[{"href":"https:\/\/djg-osnabrueck.de\/index.php?rest_route=\/wp\/v2\/tribe_events\/692","targetHints":{"allow":["GET"]}}],"collection":[{"href":"https:\/\/djg-osnabrueck.de\/index.php?rest_route=\/wp\/v2\/tribe_events"}],"about":[{"href":"https:\/\/djg-osnabrueck.de\/index.php?rest_route=\/wp\/v2\/types\/tribe_events"}],"author":[{"embeddable":true,"href":"https:\/\/djg-osnabrueck.de\/index.php?rest_route=\/wp\/v2\/users\/4"}],"version-history":[{"count":3,"href":"https:\/\/djg-osnabrueck.de\/index.php?rest_route=\/wp\/v2\/tribe_events\/692\/revisions"}],"predecessor-version":[{"id":722,"href":"https:\/\/djg-osnabrueck.de\/index.php?rest_route=\/wp\/v2\/tribe_events\/692\/revisions\/722"}],"wp:attachment":[{"href":"https:\/\/djg-osnabrueck.de\/index.php?rest_route=%2Fwp%2Fv2%2Fmedia&parent=692"}],"wp:term":[{"taxonomy":"post_tag","embeddable":true,"href":"https:\/\/djg-osnabrueck.de\/index.php?rest_route=%2Fwp%2Fv2%2Ftags&post=692"},{"taxonomy":"tribe_events_cat","embeddable":true,"href":"https:\/\/djg-osnabrueck.de\/index.php?rest_route=%2Fwp%2Fv2%2Ftribe_events_cat&post=692"}],"curies":[{"name":"wp","href":"https:\/\/api.w.org\/{rel}","templated":true}]}}

<p><strong>Liebe Mitglieder und Freunde der Deutsch-Japanischen Gesellschaft Osnabrück!</strong></p>
<p><strong>Aufgrund des sich auch in unserer Region ausbreitenden Coronavirus und des damit verbundenen Verbots jeglicher Veranstaltungen/Versammlungen müssen wir den für Mittwoch, 25. März 2020 geplanten Japanischen Filmabend absagen.</strong></p>
<p><strong>Wir werden ihn zu gegebener Zeit nachholen.</strong></p>
<p>&nbsp;</p>
<p>Film &#8222;Das Mädchen aus der Zukunft&#8220; für Mitglieder und Freunde.</p>
<p>Eine vorherige Anmeldung ist erforderlich.</p>

<p>Liebe Mitglieder und Freunde der Deutsch-Japanischen Gesellschaft Osnabrück! Aufgrund des sich auch in unserer Region ausbreitenden Coronavirus und des damit verbundenen Verbots jeglicher Veranstaltungen/Versammlungen müssen wir den für Mittwoch, 25. &hellip;</p>
