{"id":697,"date":"2020-01-31T10:18:40","date_gmt":"2020-01-31T09:18:40","guid":{"rendered":"http:\/\/djg-osnabrueck.de\/?post_type=tribe_events&#038;p=697"},"modified":"2020-03-30T09:10:25","modified_gmt":"2020-03-30T07:10:25","slug":"hok-aido-djg-stammtisch-24","status":"publish","type":"tribe_events","link":"https:\/\/djg-osnabrueck.de\/?tribe_events=hok-aido-djg-stammtisch-24","title":{"rendered":"Abgesagt: \u201eHOK-aido\u201c, DJG-Stammtisch"},"content":{"rendered":"<p><strong>Liebe Mitglieder und Freunde der Deutsch-Japanischen Gesellschaft Osnabr\u00fcck!<\/strong><\/p>\n<p><strong>Aufgrund der &#8222;COVID-19-Krise&#8220; und des damit verbundenen Verbots jeglicher Veranstaltungen\/Versammlungen m\u00fcssen wir den f\u00fcr Mittwoch, 8. April 2020 geplanten Stammtisch leider absagen.<\/strong><\/p>\n<p>F\u00f6rderung der Kontakte zwischen Deutschen und Japanern. G\u00e4ste sind herzlich eingeladen. Bitte bei der DJG Osnabr\u00fcck (s.u.) vorab anmelden.<\/p>\n","protected":false},"excerpt":{"rendered":"<p>Liebe Mitglieder und Freunde der Deutsch-Japanischen Gesellschaft Osnabr\u00fcck! Aufgrund der &#8222;COVID-19-Krise&#8220; und des damit verbundenen Verbots jeglicher Veranstaltungen\/Versammlungen m\u00fcssen wir den f\u00fcr Mittwoch, 8. April 2020 geplanten Stammtisch leider absagen. &hellip;<\/p>\n","protected":false},"author":4,"featured_media":0,"template":"","meta":{"_tribe_events_status":"","_tribe_events_status_reason":"","footnotes":""},"tags":[],"tribe_events_cat":[],"class_list":["post-697","tribe_events","type-tribe_events","status-publish","hentry"],"_links":{"self":[{"href":"https:\/\/djg-osnabrueck.de\/index.php?rest_route=\/wp\/v2\/tribe_events\/697","targetHints":{"allow":["GET"]}}],"collection":[{"href":"https:\/\/djg-osnabrueck.de\/index.php?rest_route=\/wp\/v2\/tribe_events"}],"about":[{"href":"https:\/\/djg-osnabrueck.de\/index.php?rest_route=\/wp\/v2\/types\/tribe_events"}],"author":[{"embeddable":true,"href":"https:\/\/djg-osnabrueck.de\/index.php?rest_route=\/wp\/v2\/users\/4"}],"version-history":[{"count":6,"href":"https:\/\/djg-osnabrueck.de\/index.php?rest_route=\/wp\/v2\/tribe_events\/697\/revisions"}],"predecessor-version":[{"id":727,"href":"https:\/\/djg-osnabrueck.de\/index.php?rest_route=\/wp\/v2\/tribe_events\/697\/revisions\/727"}],"wp:attachment":[{"href":"https:\/\/djg-osnabrueck.de\/index.php?rest_route=%2Fwp%2Fv2%2Fmedia&parent=697"}],"wp:term":[{"taxonomy":"post_tag","embeddable":true,"href":"https:\/\/djg-osnabrueck.de\/index.php?rest_route=%2Fwp%2Fv2%2Ftags&post=697"},{"taxonomy":"tribe_events_cat","embeddable":true,"href":"https:\/\/djg-osnabrueck.de\/index.php?rest_route=%2Fwp%2Fv2%2Ftribe_events_cat&post=697"}],"curies":[{"name":"wp","href":"https:\/\/api.w.org\/{rel}","templated":true}]}}

<p><strong>Liebe Mitglieder und Freunde der Deutsch-Japanischen Gesellschaft Osnabrück!</strong></p>
<p><strong>Aufgrund der &#8222;COVID-19-Krise&#8220; und des damit verbundenen Verbots jeglicher Veranstaltungen/Versammlungen müssen wir den für Mittwoch, 8. April 2020 geplanten Stammtisch leider absagen.</strong></p>
<p>Förderung der Kontakte zwischen Deutschen und Japanern. Gäste sind herzlich eingeladen. Bitte bei der DJG Osnabrück (s.u.) vorab anmelden.</p>

<p>Liebe Mitglieder und Freunde der Deutsch-Japanischen Gesellschaft Osnabrück! Aufgrund der &#8222;COVID-19-Krise&#8220; und des damit verbundenen Verbots jeglicher Veranstaltungen/Versammlungen müssen wir den für Mittwoch, 8. April 2020 geplanten Stammtisch leider absagen. &hellip;</p>
