{"id":710,"date":"2020-01-31T10:30:17","date_gmt":"2020-01-31T09:30:17","guid":{"rendered":"http:\/\/djg-osnabrueck.de\/?post_type=tribe_events&#038;p=710"},"modified":"2020-07-28T08:54:07","modified_gmt":"2020-07-28T06:54:07","slug":"hok-aido-djg-stammtisch-25","status":"publish","type":"tribe_events","link":"https:\/\/djg-osnabrueck.de\/?tribe_events=hok-aido-djg-stammtisch-25","title":{"rendered":"Abgesagt: \u201eHOK-aido\u201c, DJG-Stammtisch"},"content":{"rendered":"<p>F\u00f6rderung der Kontakte zwischen Deutschen und Japanern. G\u00e4ste sind herzlich eingeladen. Bitte bei der DJG Osnabr\u00fcck (s.u.) vorab anmelden.<\/p>\n<p><strong>Aufgrund der &#8222;COVID-19-Krise&#8220; und der damit verbundenen Unsicherheiten sagen wir den f\u00fcr Mittwoch, 12. August 2020 geplanten Stammtisch ab.<\/strong><\/p>\n","protected":false},"excerpt":{"rendered":"<p>F\u00f6rderung der Kontakte zwischen Deutschen und Japanern. G\u00e4ste sind herzlich eingeladen. Bitte bei der DJG Osnabr\u00fcck (s.u.) vorab anmelden. Aufgrund der &#8222;COVID-19-Krise&#8220; und der damit verbundenen Unsicherheiten sagen wir den &hellip;<\/p>\n","protected":false},"author":4,"featured_media":0,"template":"","meta":{"_tribe_events_status":"","_tribe_events_status_reason":"","footnotes":""},"tags":[],"tribe_events_cat":[],"class_list":["post-710","tribe_events","type-tribe_events","status-publish","hentry"],"_links":{"self":[{"href":"https:\/\/djg-osnabrueck.de\/index.php?rest_route=\/wp\/v2\/tribe_events\/710","targetHints":{"allow":["GET"]}}],"collection":[{"href":"https:\/\/djg-osnabrueck.de\/index.php?rest_route=\/wp\/v2\/tribe_events"}],"about":[{"href":"https:\/\/djg-osnabrueck.de\/index.php?rest_route=\/wp\/v2\/types\/tribe_events"}],"author":[{"embeddable":true,"href":"https:\/\/djg-osnabrueck.de\/index.php?rest_route=\/wp\/v2\/users\/4"}],"version-history":[{"count":5,"href":"https:\/\/djg-osnabrueck.de\/index.php?rest_route=\/wp\/v2\/tribe_events\/710\/revisions"}],"predecessor-version":[{"id":740,"href":"https:\/\/djg-osnabrueck.de\/index.php?rest_route=\/wp\/v2\/tribe_events\/710\/revisions\/740"}],"wp:attachment":[{"href":"https:\/\/djg-osnabrueck.de\/index.php?rest_route=%2Fwp%2Fv2%2Fmedia&parent=710"}],"wp:term":[{"taxonomy":"post_tag","embeddable":true,"href":"https:\/\/djg-osnabrueck.de\/index.php?rest_route=%2Fwp%2Fv2%2Ftags&post=710"},{"taxonomy":"tribe_events_cat","embeddable":true,"href":"https:\/\/djg-osnabrueck.de\/index.php?rest_route=%2Fwp%2Fv2%2Ftribe_events_cat&post=710"}],"curies":[{"name":"wp","href":"https:\/\/api.w.org\/{rel}","templated":true}]}}

<p>Förderung der Kontakte zwischen Deutschen und Japanern. Gäste sind herzlich eingeladen. Bitte bei der DJG Osnabrück (s.u.) vorab anmelden.</p>
<p><strong>Aufgrund der &#8222;COVID-19-Krise&#8220; und der damit verbundenen Unsicherheiten sagen wir den für Mittwoch, 12. August 2020 geplanten Stammtisch ab.</strong></p>

<p>Förderung der Kontakte zwischen Deutschen und Japanern. Gäste sind herzlich eingeladen. Bitte bei der DJG Osnabrück (s.u.) vorab anmelden. Aufgrund der &#8222;COVID-19-Krise&#8220; und der damit verbundenen Unsicherheiten sagen wir den &hellip;</p>
