{"id":713,"date":"2020-01-31T10:31:28","date_gmt":"2020-01-31T09:31:28","guid":{"rendered":"http:\/\/djg-osnabrueck.de\/?post_type=tribe_events&#038;p=713"},"modified":"2020-10-02T13:44:52","modified_gmt":"2020-10-02T11:44:52","slug":"hok-aido-djg-stammtisch-26","status":"publish","type":"tribe_events","link":"https:\/\/djg-osnabrueck.de\/?tribe_events=hok-aido-djg-stammtisch-26","title":{"rendered":"Abgesagt: &#8222;HOK-aido&#8220;, DJG-Stammtisch"},"content":{"rendered":"<p>F\u00f6rderung der Kontakte zwischen Deutschen und Japanern. G\u00e4ste sind herzlich eingeladen. Bitte bei der DJG Osnabr\u00fcck (s.u.) vorab anmelden.<\/p>\n<p><strong>Aufgrund der &#8222;COVID-19-Krise&#8220; und der damit verbundenen Unsicherheiten sagen wir den f\u00fcr Donnerstag, 8. Oktober 2020 geplanten Stammtisch ab.<\/strong><\/p>\n","protected":false},"excerpt":{"rendered":"<p>F\u00f6rderung der Kontakte zwischen Deutschen und Japanern. G\u00e4ste sind herzlich eingeladen. Bitte bei der DJG Osnabr\u00fcck (s.u.) vorab anmelden. Aufgrund der &#8222;COVID-19-Krise&#8220; und der damit verbundenen Unsicherheiten sagen wir den &hellip;<\/p>\n","protected":false},"author":4,"featured_media":0,"template":"","meta":{"_tribe_events_status":"","_tribe_events_status_reason":"","footnotes":""},"tags":[],"tribe_events_cat":[],"class_list":["post-713","tribe_events","type-tribe_events","status-publish","hentry"],"_links":{"self":[{"href":"https:\/\/djg-osnabrueck.de\/index.php?rest_route=\/wp\/v2\/tribe_events\/713","targetHints":{"allow":["GET"]}}],"collection":[{"href":"https:\/\/djg-osnabrueck.de\/index.php?rest_route=\/wp\/v2\/tribe_events"}],"about":[{"href":"https:\/\/djg-osnabrueck.de\/index.php?rest_route=\/wp\/v2\/types\/tribe_events"}],"author":[{"embeddable":true,"href":"https:\/\/djg-osnabrueck.de\/index.php?rest_route=\/wp\/v2\/users\/4"}],"version-history":[{"count":2,"href":"https:\/\/djg-osnabrueck.de\/index.php?rest_route=\/wp\/v2\/tribe_events\/713\/revisions"}],"predecessor-version":[{"id":742,"href":"https:\/\/djg-osnabrueck.de\/index.php?rest_route=\/wp\/v2\/tribe_events\/713\/revisions\/742"}],"wp:attachment":[{"href":"https:\/\/djg-osnabrueck.de\/index.php?rest_route=%2Fwp%2Fv2%2Fmedia&parent=713"}],"wp:term":[{"taxonomy":"post_tag","embeddable":true,"href":"https:\/\/djg-osnabrueck.de\/index.php?rest_route=%2Fwp%2Fv2%2Ftags&post=713"},{"taxonomy":"tribe_events_cat","embeddable":true,"href":"https:\/\/djg-osnabrueck.de\/index.php?rest_route=%2Fwp%2Fv2%2Ftribe_events_cat&post=713"}],"curies":[{"name":"wp","href":"https:\/\/api.w.org\/{rel}","templated":true}]}}

<p>Förderung der Kontakte zwischen Deutschen und Japanern. Gäste sind herzlich eingeladen. Bitte bei der DJG Osnabrück (s.u.) vorab anmelden.</p>
<p><strong>Aufgrund der &#8222;COVID-19-Krise&#8220; und der damit verbundenen Unsicherheiten sagen wir den für Donnerstag, 8. Oktober 2020 geplanten Stammtisch ab.</strong></p>

<p>Förderung der Kontakte zwischen Deutschen und Japanern. Gäste sind herzlich eingeladen. Bitte bei der DJG Osnabrück (s.u.) vorab anmelden. Aufgrund der &#8222;COVID-19-Krise&#8220; und der damit verbundenen Unsicherheiten sagen wir den &hellip;</p>
