{"id":773,"date":"2021-09-29T16:43:50","date_gmt":"2021-09-29T14:43:50","guid":{"rendered":"https:\/\/djg-osnabrueck.de\/?post_type=tribe_events&#038;p=773"},"modified":"2021-11-17T14:39:53","modified_gmt":"2021-11-17T13:39:53","slug":"japanischer-filmabend-2","status":"publish","type":"tribe_events","link":"https:\/\/djg-osnabrueck.de\/?tribe_events=japanischer-filmabend-2","title":{"rendered":"Japanischer Filmabend"},"content":{"rendered":"<p style=\"text-align: left;\">Die DJG l\u00e4dt zu einem gemeinsamen <strong><u>Filmabend am Mittwoch, 17. November 2021 um 19:00 Uhr ins CUT in der Westerbreite 7<\/u><\/strong> ein.<\/p>\n<p style=\"text-align: left;\">Wir haben den tollen und preisgekr\u00f6nten Film \u201e<a href=\"https:\/\/www.mirai-derfilm.de\/\">MIRAI \u2013 Das M\u00e4dchen aus der Zukunft<\/a>\u201c ausgew\u00e4hlt. Der gut eineinhalb St\u00fcndige Animationsfilm erz\u00e4hlt die Geschichte des vierj\u00e4hrigen Kun, dessen Leben sich komplett mit der Geburt seiner kleinen Schwester Mirai ver\u00e4ndert. Pl\u00f6tzlich steht er nicht mehr im Mittelpunkt der Aufmerksamkeit der Eltern, die ihm gar nicht mehr zuh\u00f6ren und ausschimpfen.\u00a0 Doch immer wenn Kun besonders w\u00fctend wird, geschehen im Garten des Hauses magische Dinge. So begegnet er dem Familienhund in menschlicher Gestalt, seinem l\u00e4ngst verstorbenen Urgro\u00dfvater und schlie\u00dflich sogar seiner Schwester in Teenagergestalt: der Mirai aus der Zukunft! In den kleinen Abenteuern, die Kun erlebt, lernt er einiges \u00fcber sich selbst \u2013 und vor allem auch, dass das Leben mit Mirai gar nicht so schlimm wie gedacht ist.<\/p>\n<p><a href=\"https:\/\/djg-osnabrueck.de\/wp\/wp-content\/uploads\/2021\/09\/4196351.jpg\"><img loading=\"lazy\" decoding=\"async\" class=\"alignnone size-large wp-image-774\" src=\"https:\/\/djg-osnabrueck.de\/wp\/wp-content\/uploads\/2021\/09\/4196351-723x1024.jpg\" alt=\"\" width=\"723\" height=\"1024\" srcset=\"https:\/\/djg-osnabrueck.de\/wp\/wp-content\/uploads\/2021\/09\/4196351-723x1024.jpg 723w, https:\/\/djg-osnabrueck.de\/wp\/wp-content\/uploads\/2021\/09\/4196351-212x300.jpg 212w, https:\/\/djg-osnabrueck.de\/wp\/wp-content\/uploads\/2021\/09\/4196351-768x1087.jpg 768w, https:\/\/djg-osnabrueck.de\/wp\/wp-content\/uploads\/2021\/09\/4196351-1085x1536.jpg 1085w, https:\/\/djg-osnabrueck.de\/wp\/wp-content\/uploads\/2021\/09\/4196351.jpg 1130w\" sizes=\"auto, (max-width: 723px) 100vw, 723px\" \/><\/a><\/p>\n","protected":false},"excerpt":{"rendered":"<p>Die DJG l\u00e4dt zu einem gemeinsamen Filmabend am Mittwoch, 17. November 2021 um 19:00 Uhr ins CUT in der Westerbreite 7 ein. Wir haben den tollen und preisgekr\u00f6nten Film \u201eMIRAI &hellip;<\/p>\n","protected":false},"author":5,"featured_media":0,"template":"","meta":{"_tribe_events_status":"","_tribe_events_status_reason":"","footnotes":""},"tags":[],"tribe_events_cat":[],"class_list":["post-773","tribe_events","type-tribe_events","status-publish","hentry"],"_links":{"self":[{"href":"https:\/\/djg-osnabrueck.de\/index.php?rest_route=\/wp\/v2\/tribe_events\/773","targetHints":{"allow":["GET"]}}],"collection":[{"href":"https:\/\/djg-osnabrueck.de\/index.php?rest_route=\/wp\/v2\/tribe_events"}],"about":[{"href":"https:\/\/djg-osnabrueck.de\/index.php?rest_route=\/wp\/v2\/types\/tribe_events"}],"author":[{"embeddable":true,"href":"https:\/\/djg-osnabrueck.de\/index.php?rest_route=\/wp\/v2\/users\/5"}],"version-history":[{"count":5,"href":"https:\/\/djg-osnabrueck.de\/index.php?rest_route=\/wp\/v2\/tribe_events\/773\/revisions"}],"predecessor-version":[{"id":823,"href":"https:\/\/djg-osnabrueck.de\/index.php?rest_route=\/wp\/v2\/tribe_events\/773\/revisions\/823"}],"wp:attachment":[{"href":"https:\/\/djg-osnabrueck.de\/index.php?rest_route=%2Fwp%2Fv2%2Fmedia&parent=773"}],"wp:term":[{"taxonomy":"post_tag","embeddable":true,"href":"https:\/\/djg-osnabrueck.de\/index.php?rest_route=%2Fwp%2Fv2%2Ftags&post=773"},{"taxonomy":"tribe_events_cat","embeddable":true,"href":"https:\/\/djg-osnabrueck.de\/index.php?rest_route=%2Fwp%2Fv2%2Ftribe_events_cat&post=773"}],"curies":[{"name":"wp","href":"https:\/\/api.w.org\/{rel}","templated":true}]}}

<p style="text-align: left;">Die DJG lädt zu einem gemeinsamen <strong><u>Filmabend am Mittwoch, 17. November 2021 um 19:00 Uhr ins CUT in der Westerbreite 7</u></strong> ein.</p>
<p style="text-align: left;">Wir haben den tollen und preisgekrönten Film „<a href="https://www.mirai-derfilm.de/">MIRAI – Das Mädchen aus der Zukunft</a>“ ausgewählt. Der gut eineinhalb Stündige Animationsfilm erzählt die Geschichte des vierjährigen Kun, dessen Leben sich komplett mit der Geburt seiner kleinen Schwester Mirai verändert. Plötzlich steht er nicht mehr im Mittelpunkt der Aufmerksamkeit der Eltern, die ihm gar nicht mehr zuhören und ausschimpfen.  Doch immer wenn Kun besonders wütend wird, geschehen im Garten des Hauses magische Dinge. So begegnet er dem Familienhund in menschlicher Gestalt, seinem längst verstorbenen Urgroßvater und schließlich sogar seiner Schwester in Teenagergestalt: der Mirai aus der Zukunft! In den kleinen Abenteuern, die Kun erlebt, lernt er einiges über sich selbst – und vor allem auch, dass das Leben mit Mirai gar nicht so schlimm wie gedacht ist.</p>
<p><a href="https://djg-osnabrueck.de/wp/wp-content/uploads/2021/09/4196351.jpg"><img loading="lazy" decoding="async" class="alignnone size-large wp-image-774" src="https://djg-osnabrueck.de/wp/wp-content/uploads/2021/09/4196351-723x1024.jpg" alt="" width="723" height="1024" srcset="https://djg-osnabrueck.de/wp/wp-content/uploads/2021/09/4196351-723x1024.jpg 723w, https://djg-osnabrueck.de/wp/wp-content/uploads/2021/09/4196351-212x300.jpg 212w, https://djg-osnabrueck.de/wp/wp-content/uploads/2021/09/4196351-768x1087.jpg 768w, https://djg-osnabrueck.de/wp/wp-content/uploads/2021/09/4196351-1085x1536.jpg 1085w, https://djg-osnabrueck.de/wp/wp-content/uploads/2021/09/4196351.jpg 1130w" sizes="auto, (max-width: 723px) 100vw, 723px" /></a></p>

<p>Die DJG lädt zu einem gemeinsamen Filmabend am Mittwoch, 17. November 2021 um 19:00 Uhr ins CUT in der Westerbreite 7 ein. Wir haben den tollen und preisgekrönten Film „MIRAI &hellip;</p>
