{"id":893,"date":"2023-03-22T12:00:26","date_gmt":"2023-03-22T11:00:26","guid":{"rendered":"https:\/\/djg-osnabrueck.de\/?post_type=tribe_events&#038;p=893"},"modified":"2023-03-22T12:00:59","modified_gmt":"2023-03-22T11:00:59","slug":"abschluss-kunstprojelt-asche-und-glut","status":"publish","type":"tribe_events","link":"https:\/\/djg-osnabrueck.de\/?tribe_events=abschluss-kunstprojelt-asche-und-glut","title":{"rendered":"Abschluss Kunstprojekt &#8222;Asche und Glut&#8220;"},"content":{"rendered":"<p>An der Au\u00dfenfassade der Osnabr\u00fccker Katharinenkirche wird bis zum 24.M\u00e4rz das Werk \u201eAsche und Glut\u201c von Johannes Eidt im Gro\u00dfformat (9 qm) zu sehen sein.<\/p>\n<p>Zum Abschluss des Kunstprojektes gestalten Superintendent Dr. Joachim Jeska und Pastor Otto Weymann am <strong>Freitag, 24.M\u00e4rz, um 18 Uhr<\/strong> im Steinwerk St. Katharinen einen Gottesdienst.<\/p>\n","protected":false},"excerpt":{"rendered":"<p>An der Au\u00dfenfassade der Osnabr\u00fccker Katharinenkirche wird bis zum 24.M\u00e4rz das Werk \u201eAsche und Glut\u201c von Johannes Eidt im Gro\u00dfformat (9 qm) zu sehen sein. Zum Abschluss des Kunstprojektes gestalten &hellip;<\/p>\n","protected":false},"author":4,"featured_media":0,"template":"","meta":{"_tribe_events_status":"","_tribe_events_status_reason":"","footnotes":""},"tags":[],"tribe_events_cat":[],"class_list":["post-893","tribe_events","type-tribe_events","status-publish","hentry"],"_links":{"self":[{"href":"https:\/\/djg-osnabrueck.de\/index.php?rest_route=\/wp\/v2\/tribe_events\/893","targetHints":{"allow":["GET"]}}],"collection":[{"href":"https:\/\/djg-osnabrueck.de\/index.php?rest_route=\/wp\/v2\/tribe_events"}],"about":[{"href":"https:\/\/djg-osnabrueck.de\/index.php?rest_route=\/wp\/v2\/types\/tribe_events"}],"author":[{"embeddable":true,"href":"https:\/\/djg-osnabrueck.de\/index.php?rest_route=\/wp\/v2\/users\/4"}],"version-history":[{"count":2,"href":"https:\/\/djg-osnabrueck.de\/index.php?rest_route=\/wp\/v2\/tribe_events\/893\/revisions"}],"predecessor-version":[{"id":895,"href":"https:\/\/djg-osnabrueck.de\/index.php?rest_route=\/wp\/v2\/tribe_events\/893\/revisions\/895"}],"wp:attachment":[{"href":"https:\/\/djg-osnabrueck.de\/index.php?rest_route=%2Fwp%2Fv2%2Fmedia&parent=893"}],"wp:term":[{"taxonomy":"post_tag","embeddable":true,"href":"https:\/\/djg-osnabrueck.de\/index.php?rest_route=%2Fwp%2Fv2%2Ftags&post=893"},{"taxonomy":"tribe_events_cat","embeddable":true,"href":"https:\/\/djg-osnabrueck.de\/index.php?rest_route=%2Fwp%2Fv2%2Ftribe_events_cat&post=893"}],"curies":[{"name":"wp","href":"https:\/\/api.w.org\/{rel}","templated":true}]}}

<p>An der Außenfassade der Osnabrücker Katharinenkirche wird bis zum 24.März das Werk „Asche und Glut“ von Johannes Eidt im Großformat (9 qm) zu sehen sein.</p>
<p>Zum Abschluss des Kunstprojektes gestalten Superintendent Dr. Joachim Jeska und Pastor Otto Weymann am <strong>Freitag, 24.März, um 18 Uhr</strong> im Steinwerk St. Katharinen einen Gottesdienst.</p>

<p>An der Außenfassade der Osnabrücker Katharinenkirche wird bis zum 24.März das Werk „Asche und Glut“ von Johannes Eidt im Großformat (9 qm) zu sehen sein. Zum Abschluss des Kunstprojektes gestalten &hellip;</p>
